78335?
5
What is the hundreds digit of 14175?
1
What is the millions digit of 19147462?
9
What is the hundreds digit of 322081?
0
What is the thousands digit of 772996?
2
What is the ten thousands digit of 2564880?
6
What is the ten thousands digit of 12009958?
0
What is the hundreds digit of 484898?
8
What is the thousands digit of 27114?
7
What is the tens digit of 175341?
4
What is the hundred thousands digit of 1314802?
3
What is the units digit of 639872?
2
What is the thousands digit of 492147?
2
What is the tens digit of 976828?
2
What is the hundreds digit of 1586732?
7
What is the millions digit of 1378983?
1
What is the tens digit of 2228532?
3
What is the hundred thousands digit of 324940?
3
What is the thousands digit of 392461?
2
What is the tens digit of 9889080?
8
What is the ten thousands digit of 2723222?
2
What is the tens digit of 17934?
3
What is the hundred thousands digit of 3507223?
5
What is the thousands digit of 107879?
7
What is the units digit of 768667?
7
What is the thousands digit of 147477?
7
What is the thousands digit of 32523292?
3
What is the ten thousands digit of 2318199?
1
What is the units digit of 1128432?
2
What is the tens digit of 2736174?
7
What is the millions digit of 2493220?
2
What is the thousands digit of 188619?
8
What is the thousands digit of 886032?
6
What is the units digit of 270686?
6
What is the hundreds digit of 12442512?
5
What is the millions digit of 1055627?
1
What is the units digit of 2640082?
2
What is the hundred thousands digit of 365125?
3
What is the tens digit of 4545834?
3
What is the thousands digit of 32906?
2
What is the ten thousands digit of 14249613?
4
What is the tens digit of 214582?
8
What is the units digit of 81155?
5
What is the ten thousands digit of 13073214?
7
What is the ten thousands digit of 189861?
8
What is the thousands digit of 711579?
1
What is the tens digit of 638710?
1
What is the ten thousands digit of 229134?
2
What is the ten thousands digit of 391730?
9
What is the millions digit of 12271664?
2
What is the tens digit of 146027?
2
What is the hundreds digit of 695047?
0
What is the hundred thousands digit of 169034?
1
What is the thousands digit of 656701?
6
What is the units digit of 4777790?
0
What is the units digit of 258362?
2
What is the millions digit of 1590368?
1
What is the tens digit of 1901257?
5
What is the hundreds digit of 116112?
1
What is the thousands digit of 2785409?
5
What is the tens digit of 3472589?
8
What is the units digit of 31894?
4
What is the hundred thousands digit of 42924836?
9
What is the ten thousands digit of 44765?
4
What is the hundred thousands digit of 2367356?
3
What is the ten thousands digit of 2551735?
5
What is the units digit of 30653173?
3
What is the millions digit of 3279934?
3
What is the ten thousands digit of 68460?
6
What is the hundreds digit of 9648529?
5
What is the units digit of 755888?
8
What is the hundreds digit of 7278488?
4
What is the tens digit of 5538582?
8
What is the hundred thousands digit of 474991?
4
What is the millions digit of 1316726?
1
What is the tens digit of 578654?
5
What is the hundreds digit of 145233?
2
What is the millions digit of 9096832?
9
What is the thousands digit of 347846?
7
What is the thousands digit of 831449?
1
What is the hundred thousands digit of 205191?
2
What is the hundreds digit of 4882084?
0
What is the hundreds digit of 5055940?
9
What is the millions digit of 6845664?
6
What is the hundreds digit of 1000774?
7
What is the hundreds digit of 2035392?
3
What is the ten thousands digit of 106442?
0
What is the thousands digit of 307927?
7
What is the tens digit of 2778979?
7
What is the thousands digit of 6374328?
4
What is the tens digit of 324424?
2
What is the thousands digit of 964661?
4
What is the thousands digit of 23506491?
6
What is the millions digit of 1044503?
1
What is the millions digit of 3034912?
3
What is the thousands digit of 2117138?
7
What is the millions digit of 2758201?
2
What is the units digit of 143483?
3
What is the ten thousands digit of 14847368?
4
What is the thousands digit of 15237817?
7
What is the hundreds digit of 1144910?
9
What is the hundred thousands digit of 456531?
4
What is the thousands digit of 2618128?
8
What is the thousands digit of 20944809?
4
What is the hundreds digit of 6365479?
4
What is the hundreds digit of 3068940?
9
What is the tens digit of 7510680?
8
What is the hundred thousands digit of 3352635?
3
What is the hundreds digit of 7420050?
0
What is the hundred thousands digit of 38759861?
7
What is the hundred thousands digit of 569594?
5
What is the ten thousands digit of 135739?
3
What is the hundred thousands digit of 681096?
6
What is the hundreds digit of 343018?
0
What is the hundred thousands digit of 4966650?
9
What is the tens digit of 4525408?
0
What is the thousands digit of 3884918?
4
What is the tens digit of 20255848?
4
What is the hundreds digit of 384511?
5
What is the thousands digit of 2129342?
9
What is the units digit of 26657?
7
What is the tens digit of 3503088?
8
What is the tens digit of 6545485?
8
What is the units digit of 1837675?
5
What is the millions digit of 3398715?
3
What is the millions digit of 1255704?
1
What is the ten thousands digit of 1224036?
2
What is the tens digit of 888853?
5
What is the hundreds digit of 3082469?
4
What is the hundred thousands digit of 7457586?
4
What is the thousands digit of 2839482?
9
What is the units digit of 6730631?
1
What is the tens digit of 572219?
1
What is the ten thousands digit of 1540144?
4
What is the thousands digit of 16547342?
7
What is the hundred thousands digit of 148292?
1
What is the units digit of 8174306?
6
What is the ten thousands digit of 1159434?
5
What is the hundred thousands digit of 4510098?
5
What is the millions digit of 1574624?
1
What is the thousands digit of 1050429?
0
What is the millions digit of 3853042?
3
What is the units digit of 490173?
3
What is the tens digit of 10579353?
5
What is the tens digit of 2610116?
1
What is the millions digit of 5914960?
5
What is the hundred thousands digit of 310656?
3
What is the units digit of 112953?
3
What is the units digit of 71567?
7
What is the tens digit of 5739880?
8
What is the hundreds digit of 388861?
8
What is the thousands digit of 7071649?
1
What is the tens digit of 109489?
8
What is the units digit of 210656?
6
What is the thousands digit of 12165751?
5
What is the units digit of 8402202?
2
What is the thousands digit of 44050?
4
What is the units digit of 5951436?
6
What is the millions digit of 7212385?
7
What is the thousands digit of 194702?
4
What is the hundred thousands digit of 427985?
4
What is the tens digit of 749495?
9
What is the hundreds digit of 508470?
4
What is the ten thousands digit of 3963576?
6
What is the tens digit of 203050?
5
What is the millions digit of 9029397?
9
What is the tens digit of 1304606?
0
What is the hundreds digit of 675449?
4
What is the ten thousands digit of 3546149?
4
What is the hundreds digit of 11440841?
8
What is the units digit of 8900628?
8
What is the hundreds digit of 432564?
5
What is the hundred thousands digit of 6090485?
0
What is the units digit of 2955094?
4
What is the hundreds digit of 241192?
1
What is the millions digit of 1197601?
1
What is the units digit of 12507826?
6
What is the thousands digit of 29070?
9
What is the ten thousands digit of 276638?
7
What is the tens digit of 1161702?
0
What is the ten thousands digit of 120304?
2
What is the ten thousands digit of 2704630?
0
What is the ten thousands digit of 15212607?
1
What is the ten thousands digit of 126047?
2
What is the hundred thousands digit of 985640?
9
What is the millions digit of 1767612?
1
What is the hundreds digit of 27348?
3
What is the hundreds digit of 71095?
0
What is the hundreds digit of 1599175?
1
What is the hundreds digit of 197826?
8
What is the units digit of 663522?
2
What is the ten thousands digit of 187586?
8
What is the ten thousands digit of 12245?
1
What is the hundreds digit of 20262797?
7
What is the hundreds digit of 5557219?
2
What is the millions digit of 4927139?
4
What is the units digit of 166728?
8
What is the units digit of 6454374?
4
What is the tens digit of 193